{"id":11,"date":"2025-08-26T09:01:26","date_gmt":"2025-08-26T09:01:26","guid":{"rendered":"https:\/\/hej.edu.pl\/?page_id=11"},"modified":"2025-08-27T12:08:13","modified_gmt":"2025-08-27T12:08:13","slug":"hej","status":"publish","type":"page","link":"https:\/\/hej.edu.pl\/","title":{"rendered":"hej"},"content":{"rendered":"\n<div class=\"wp-block-group alignfull is-style-section-2 has-global-padding is-layout-constrained wp-block-group-is-layout-constrained is-style-section-2--1\" style=\"margin-top:0;margin-bottom:0;padding-top:var(--wp--preset--spacing--60);padding-bottom:var(--wp--preset--spacing--60)\">\n<div class=\"wp-block-columns alignwide is-layout-flex wp-container-core-columns-is-layout-643ced6b wp-block-columns-is-layout-flex\">\n<div class=\"wp-block-column is-layout-flow wp-block-column-is-layout-flow\" style=\"flex-basis:40%\">\n<figure class=\"wp-block-image size-full\"><img loading=\"lazy\" decoding=\"async\" width=\"750\" height=\"1000\" src=\"https:\/\/hej.edu.pl\/wp-content\/uploads\/2025\/08\/bk_1.jpg\" alt=\"\" class=\"wp-image-13\" srcset=\"https:\/\/hej.edu.pl\/wp-content\/uploads\/2025\/08\/bk_1.jpg 750w, https:\/\/hej.edu.pl\/wp-content\/uploads\/2025\/08\/bk_1-225x300.jpg 225w\" sizes=\"auto, (max-width: 750px) 100vw, 750px\" \/><\/figure>\n<\/div>\n\n\n\n<div class=\"wp-block-column is-vertically-aligned-center is-layout-flow wp-container-core-column-is-layout-119bc444 wp-block-column-is-layout-flow\" style=\"flex-basis:60%\">\n<h2 class=\"wp-block-heading has-xx-large-font-size\">Hej.edu.pl<\/h2>\n\n\n\n<p>Opowiadanie historii, analiza ekspert\u00f3w i \u017cywe opisy. Podcast Stories o\u017cywia histori\u0119, czyni\u0105c j\u0105 dost\u0119pn\u0105 i wci\u0105gaj\u0105c\u0105 dla ka\u017cdego.<\/p>\n<\/div>\n<\/div>\n<\/div>\n\n\n\n<div class=\"wp-block-group alignfull is-style-section-5 has-global-padding is-layout-constrained wp-block-group-is-layout-constrained is-style-section-5--2\" style=\"margin-top:0;margin-bottom:0;padding-top:var(--wp--preset--spacing--50);padding-bottom:var(--wp--preset--spacing--50)\">\n<div class=\"wp-block-columns alignwide is-layout-flex wp-container-core-columns-is-layout-7ee84d44 wp-block-columns-is-layout-flex\">\n<div class=\"wp-block-column is-vertically-aligned-center is-layout-flow wp-block-column-is-layout-flow\" style=\"flex-basis:50%\">\n<h2 class=\"wp-block-heading\">\n\t\t\t\tO wydarzeniu\t\t\t<\/h2>\n\n\n\n<p class=\"has-medium-font-size\">Odbywaj\u0105ce si\u0119 w weekend wydarzenie sk\u0142ada si\u0119 z serii wystaw, warsztat\u00f3w i dyskusji panelowych. Wystawy prezentuj\u0105 wyselekcjonowany wyb\u00f3r fotografii, kt\u00f3re opowiadaj\u0105 fascynuj\u0105ce historie z r\u00f3\u017cnych zak\u0105tk\u00f3w \u015bwiata, a ka\u017cdemu obrazowi towarzysz\u0105 szczeg\u00f3\u0142owe narracje, kt\u00f3re zapewniaj\u0105 kontekst i g\u0142\u0119bszy wgl\u0105d w historyczne znaczenie przedstawionych scen. Fotografie te pochodz\u0105 z archiw\u00f3w znanych fotograf\u00f3w, a tak\u017ce wschodz\u0105cych talent\u00f3w, zapewniaj\u0105c mieszank\u0119 zar\u00f3wno klasycznych, jak i wsp\u00f3\u0142czesnych perspektyw.<\/p>\n<\/div>\n\n\n\n<div class=\"wp-block-column is-vertically-aligned-center is-layout-flow wp-block-column-is-layout-flow\" style=\"flex-basis:50%\">\n<figure class=\"wp-block-image size-full\"><img decoding=\"async\" src=\"https:\/\/hej.edu.pl\/wp-content\/themes\/twentytwentyfive\/assets\/images\/ruins-image.webp\" alt=\"Cliff Palace, Kolorado\" style=\"aspect-ratio:1;object-fit:cover\"\/><\/figure>\n<\/div>\n<\/div>\n<\/div>\n\n\n\n<div class=\"wp-block-group alignfull is-style-section-1 has-global-padding is-layout-constrained wp-block-group-is-layout-constrained is-style-section-1--3\" style=\"margin-top:0;margin-bottom:0;padding-top:var(--wp--preset--spacing--50);padding-bottom:var(--wp--preset--spacing--50)\">\n<h2 class=\"wp-block-heading has-text-align-center is-style-default has-small-font-size\">reklama<\/h2>\n\n\n\n<div class=\"wp-block-group alignwide is-content-justification-center is-layout-flex wp-container-core-group-is-layout-2c471116 wp-block-group-is-layout-flex\"><\/div>\n<\/div>\n\n\n\n<div class=\"wp-block-group alignfull has-global-padding is-layout-constrained wp-container-core-group-is-layout-ebee8dc1 wp-block-group-is-layout-constrained\" style=\"margin-top:0;margin-bottom:0;padding-top:var(--wp--preset--spacing--50);padding-bottom:var(--wp--preset--spacing--50)\">\n<div class=\"wp-block-group alignwide is-content-justification-space-between is-layout-flex wp-container-core-group-is-layout-9366075c wp-block-group-is-layout-flex\">\n<h2 class=\"wp-block-heading alignwide has-text-align-left is-style-text-subtitle has-x-large-font-size is-style-text-subtitle--4\">Przegl\u0105daj<\/h2>\n\n\n\n<p class=\"is-style-text-annotation is-style-text-annotation--5\">has\u0142o \/ tag<\/p>\n<\/div>\n\n\n\n<div class=\"wp-block-group alignwide is-layout-grid wp-container-core-group-is-layout-1ce758a5 wp-block-group-is-layout-grid\">\n<figure class=\"wp-block-video\"><\/figure>\n\n\n\n<figure class=\"wp-block-video\"><\/figure>\n\n\n\n<figure class=\"wp-block-video\"><\/figure>\n\n\n\n<figure class=\"wp-block-video\"><\/figure>\n\n\n\n<figure class=\"wp-block-video\"><\/figure>\n\n\n\n<figure class=\"wp-block-video\"><\/figure>\n<\/div>\n<\/div>\n\n\n\n<aside class=\"wp-block-group alignfull is-style-section-3 has-global-padding is-layout-constrained wp-container-core-group-is-layout-f0f2a97b wp-block-group-is-layout-constrained is-style-section-3--6\" style=\"margin-top:0;margin-bottom:0;padding-top:var(--wp--preset--spacing--50);padding-right:var(--wp--preset--spacing--50);padding-bottom:var(--wp--preset--spacing--50);padding-left:var(--wp--preset--spacing--50)\">\n<div class=\"wp-block-group is-vertical is-content-justification-center is-layout-flex wp-container-core-group-is-layout-8778ca4a wp-block-group-is-layout-flex\" style=\"min-height:360px;margin-top:0;margin-bottom:0\">\n<h2 class=\"wp-block-heading has-text-align-center has-xx-large-font-size\">Zapisz si\u0119, aby otrzymywa\u0107 codzienne historie.<\/h2>\n\n\n\n<p class=\"has-text-align-center is-style-text-subtitle is-style-text-subtitle--7\">Uzyskaj dost\u0119p do starannie wyselekcjonowanej kolekcji wyj\u0105tkowych moment\u00f3w, zawieraj\u0105cej fotografie o historycznym znaczeniu.<\/p>\n\n\n\n<div style=\"height:0px\" aria-hidden=\"true\" class=\"wp-block-spacer wp-container-content-62aae154\"><\/div>\n\n\n\n<div class=\"wp-block-buttons is-content-justification-center is-layout-flex wp-container-core-buttons-is-layout-a89b3969 wp-block-buttons-is-layout-flex\">\n<div class=\"wp-block-button\"><a class=\"wp-block-button__link has-text-align-center wp-element-button\">Subskrybuj<\/a><\/div>\n<\/div>\n<\/div>\n<\/aside>\n\n\n\n<p><\/p>\n","protected":false},"excerpt":{"rendered":"<p>Hej.edu.pl Opowiadanie historii, analiza ekspert\u00f3w i \u017cywe opisy. Podcast Stories o\u017cywia histori\u0119, czyni\u0105c j\u0105 dost\u0119pn\u0105 i wci\u0105gaj\u0105c\u0105 dla ka\u017cdego. O wydarzeniu Odbywaj\u0105ce si\u0119 w weekend wydarzenie sk\u0142ada si\u0119 z serii wystaw, warsztat\u00f3w i dyskusji panelowych. Wystawy prezentuj\u0105 wyselekcjonowany wyb\u00f3r fotografii, kt\u00f3re opowiadaj\u0105 fascynuj\u0105ce historie z r\u00f3\u017cnych zak\u0105tk\u00f3w \u015bwiata, a ka\u017cdemu obrazowi towarzysz\u0105 szczeg\u00f3\u0142owe narracje, kt\u00f3re [&hellip;]<\/p>\n","protected":false},"author":1,"featured_media":0,"parent":0,"menu_order":0,"comment_status":"closed","ping_status":"closed","template":"page-no-title","meta":{"footnotes":""},"class_list":["post-11","page","type-page","status-publish","hentry"],"_links":{"self":[{"href":"https:\/\/hej.edu.pl\/index.php?rest_route=\/wp\/v2\/pages\/11","targetHints":{"allow":["GET"]}}],"collection":[{"href":"https:\/\/hej.edu.pl\/index.php?rest_route=\/wp\/v2\/pages"}],"about":[{"href":"https:\/\/hej.edu.pl\/index.php?rest_route=\/wp\/v2\/types\/page"}],"author":[{"embeddable":true,"href":"https:\/\/hej.edu.pl\/index.php?rest_route=\/wp\/v2\/users\/1"}],"replies":[{"embeddable":true,"href":"https:\/\/hej.edu.pl\/index.php?rest_route=%2Fwp%2Fv2%2Fcomments&post=11"}],"version-history":[{"count":3,"href":"https:\/\/hej.edu.pl\/index.php?rest_route=\/wp\/v2\/pages\/11\/revisions"}],"predecessor-version":[{"id":16,"href":"https:\/\/hej.edu.pl\/index.php?rest_route=\/wp\/v2\/pages\/11\/revisions\/16"}],"wp:attachment":[{"href":"https:\/\/hej.edu.pl\/index.php?rest_route=%2Fwp%2Fv2%2Fmedia&parent=11"}],"curies":[{"name":"wp","href":"https:\/\/api.w.org\/{rel}","templated":true}]}}